
3
What is the hundreds digit of 305048351?
3
What is the hundreds digit of 1147740896?
8
What is the thousands digit of 379064326?
4
What is the hundred thousands digit of 156542657?
5
What is the millions digit of 38911548?
8
What is the hundreds digit of 147644981?
9
What is the millions digit of 147974312?
7
What is the hundred thousands digit of 2322005614?
0
What is the ten millions digit of 38753448?
3
What is the ten millions digit of 1408577114?
0
What is the ten millions digit of 86373454?
8
What is the units digit of 64732443?
3
What is the units digit of 20807910?
0
What is the hundred millions digit of 133414324?
1
What is the millions digit of 3596781910?
6
What is the hundreds digit of 40654336?
3
What is the ten thousands digit of 505521612?
2
What is the hundreds digit of 1056952923?
9
What is the ten thousands digit of 100133187?
3
What is the thousands digit of 694459138?
9
What is the ten millions digit of 171136584?
7
What is the hundreds digit of 37321737?
7
What is the units digit of 18429896?
6
What is the thousands digit of 21806093?
6
What is the millions digit of 594696438?
4
What is the hundred millions digit of 3413419859?
4
What is the ten millions digit of 344301571?
4
What is the thousands digit of 176231585?
1
What is the units digit of 1416270544?
4
What is the tens digit of 797608181?
8
What is the thousands digit of 118824882?
4
What is the billions digit of 3108387616?
3
What is the hundred millions digit of 2557347437?
5
What is the hundred thousands digit of 235707245?
7
What is the hundreds digit of 63006349?
3
What is the ten thousands digit of 186229036?
2
What is the units digit of 106988877?
7
What is the hundred thousands digit of 27650841?
6
What is the units digit of 3897818?
8
What is the ten millions digit of 130024415?
3
What is the ten thousands digit of 8333564854?
6
What is the millions digit of 97859340?
7
What is the hundred millions digit of 108337515?
1
What is the ten millions digit of 42713974?
4
What is the tens digit of 48974866?
6
What is the hundreds digit of 24479826?
8
What is the thousands digit of 445414824?
4
What is the units digit of 40366345?
5
What is the hundred millions digit of 453384709?
4
What is the ten thousands digit of 1366319616?
1
What is the hundreds digit of 35535246?
2
What is the thousands digit of 43734476?
4
What is the units digit of 46602274?
4
What is the thousands digit of 1209496620?
6
What is the tens digit of 5213235304?
0
What is the hundreds digit of 729378817?
8
What is the thousands digit of 1303988562?
8
What is the hundred thousands digit of 213995435?
9
What is the thousands digit of 6775861147?
1
What is the thousands digit of 74630527?
0
What is the ten thousands digit of 4527341498?
4
What is the units digit of 175594978?
8
What is the hundreds digit of 4641686170?
1
What is the hundred thousands digit of 95211128?
2
What is the units digit of 65354673?
3
What is the millions digit of 97162408?
7
What is the thousands digit of 65944364?
4
What is the hundreds digit of 1083467890?
8
What is the units digit of 1305862416?
6
What is the units digit of 47311920?
0
What is the hundreds digit of 1712616686?
6
What is the hundred millions digit of 4976286630?
9
What is the hundred thousands digit of 533298365?
2
What is the billions digit of 1129810851?
1
What is the ten thousands digit of 320684174?
8
What is the thousands digit of 99614702?
4
What is the millions digit of 7251944?
7
What is the ten thousands digit of 41834081?
3
What is the ten millions digit of 1615600687?
1
What is the hundred thousands digit of 256924237?
9
What is the units digit of 195144323?
3
What is the units digit of 38743320?
0
What is the hundreds digit of 144906111?
1
What is the hundred thousands digit of 72815742?
8
What is the ten millions digit of 506285809?
0
What is the thousands digit of 134202573?
2
What is the millions digit of 545491288?
5
What is the millions digit of 204144421?
4
What is the hundred millions digit of 109313112?
1
What is the millions digit of 103517544?
3
What is the ten thousands digit of 478958637?
5
What is the tens digit of 213259767?
6
What is the millions digit of 147341741?
7
What is the ten thousands digit of 169052317?
5
What is the millions digit of 2318328516?
8
What is the thousands digit of 61186527?
6
What is the hundred thousands digit of 3558679683?
6
What is the hundreds digit of 838501785?
7
What is the ten millions digit of 995428760?
9
What is the units digit of 20411975?
5
What is the ten thousands digit of 49330864?
3
What is the millions digit of 846213755?
6
What is the ten thousands digit of 4267957349?
5
What is the millions digit of 39866496?
9
What is the tens digit of 98560317?
1
What is the tens digit of 12840228?
2
What is the hundreds digit of 378558226?
2
What is the billions digit of 4681209768?
4
What is the millions digit of 360496775?
0
What is the millions digit of 1537683528?
7
What is the hundred millions digit of 107335562?
1
What is the tens digit of 199068977?
7
What is the millions digit of 194724385?
4
What is the hundreds digit of 8438911?
9
What is the hundred millions digit of 1245359189?
2
What is the tens digit of 84670734?
3
What is the tens digit of 6919984?
8
What is the hundreds digit of 108781210?
2
What is the tens digit of 489792698?
9
What is the millions digit of 24884114?
4
What is the hundred thousands digit of 5385136?
3
What is the ten thousands digit of 2023897?
2
What is the hundred millions digit of 399720973?
3
What is the millions digit of 1491065377?
1
What is the ten millions digit of 308131144?
0
What is the tens digit of 88517480?
8
What is the thousands digit of 78983411?
3
What is the ten millions digit of 26436880?
2
What is the ten thousands digit of 45373312?
7
What is the units digit of 1866508728?
8
What is the thousands digit of 7944297469?
7
What is the ten millions digit of 425804237?
2
What is the billions digit of 1230205464?
1
What is the hundred thousands digit of 4168346640?
3
What is the hundred thousands digit of 20218861?
2
What is the thousands digit of 801538517?
8
What is the units digit of 5829449089?
9
What is the units digit of 191078763?
3
What is the hundred thousands digit of 465114187?
1
What is the hundred thousands digit of 293295779?
2
What is the hundred thousands digit of 41551390?
5
What is the thousands digit of 112426873?
6
What is the ten thousands digit of 2123601283?
0
What is the ten thousands digit of 83210345?
1
What is the tens digit of 151716333?
3
What is the hundred millions digit of 163079908?
1
What is the hundred thousands digit of 84614084?
6
What is the units digit of 906596090?
0
What is the ten thousands digit of 5654415356?
1
What is the billions digit of 1979100544?
1
What is the hundred thousands digit of 82086683?
0
What is the ten millions digit of 3619010262?
1
What is the tens digit of 232732450?
5
What is the ten millions digit of 41627137?
4
What is the thousands digit of 1305594022?
4
What is the units digit of 3479628372?
2
What is the hundreds digit of 87650407?
4
What is the hundred thousands digit of 36910936?
9
What is the tens digit of 14964083?
8
What is the units digit of 463564463?
3
What is the ten millions digit of 97806705?
9
What is the hundred thousands digit of 566888782?
8
What is the ten millions digit of 282277961?
8
What is the ten millions digit of 15727200?
1
What is the millions digit of 409035006?
9
What is the hundreds digit of 987187216?
2
What is the tens digit of 465824498?
9
What is the hundred millions digit of 734314027?
7
What is the hundred millions digit of 489968893?
4
What is the hundreds digit of 13986845?
8
What is the units digit of 34541228?
8
What is the hundreds digit of 454368828?
8
What is the hundred thousands digit of 51609213?
6
What is the hundred millions digit of 304095903?
3
What is the ten thousands digit of 152709237?
0
What is the thousands digit of 28307072?
7
What is the billions digit of 1669373941?
1
What is the tens digit of 540327122?
2
What is the ten thousands digit of 202531213?
3
What is the thousands digit of 1239369702?
9
What is the ten thousands digit of 414206315?
0
What is the ten millions digit of 153507435?
5
What is the millions 